{"id":280,"date":"2024-08-07T19:28:03","date_gmt":"2024-08-07T19:28:03","guid":{"rendered":"https:\/\/fdf-skoven.dk\/?page_id=280"},"modified":"2025-09-08T21:12:29","modified_gmt":"2025-09-08T20:12:29","slug":"vaebner-seniorvaebner-og-senior","status":"publish","type":"page","link":"https:\/\/fdf-tst.dk\/index.php\/vaebner-seniorvaebner-og-senior\/","title":{"rendered":"V\u00e6bner, Seniorv\u00e6bner og Senior"},"content":{"rendered":"\n<div class=\"wp-block-columns is-layout-flex wp-container-core-columns-is-layout-28f84493 wp-block-columns-is-layout-flex\">\n<div class=\"wp-block-column is-layout-flow wp-block-column-is-layout-flow\" style=\"flex-basis:33.33%\">\n<figure class=\"wp-block-image size-full\"><img loading=\"lazy\" decoding=\"async\" width=\"500\" height=\"375\" src=\"https:\/\/fdf-tst.dk\/wp-content\/uploads\/2024\/08\/20230411_185651.jpg\" alt=\"\" class=\"wp-image-155\" srcset=\"https:\/\/fdf-tst.dk\/wp-content\/uploads\/2024\/08\/20230411_185651.jpg 500w, https:\/\/fdf-tst.dk\/wp-content\/uploads\/2024\/08\/20230411_185651-300x225.jpg 300w\" sizes=\"auto, (max-width: 500px) 100vw, 500px\" \/><\/figure>\n\n\n\n<figure class=\"wp-block-image size-large\"><img loading=\"lazy\" decoding=\"async\" width=\"768\" height=\"1024\" src=\"https:\/\/fdf-tst.dk\/wp-content\/uploads\/2024\/08\/20230530_185642-768x1024.jpg\" alt=\"\" class=\"wp-image-428\" srcset=\"https:\/\/fdf-tst.dk\/wp-content\/uploads\/2024\/08\/20230530_185642-768x1024.jpg 768w, https:\/\/fdf-tst.dk\/wp-content\/uploads\/2024\/08\/20230530_185642-225x300.jpg 225w, https:\/\/fdf-tst.dk\/wp-content\/uploads\/2024\/08\/20230530_185642-1152x1536.jpg 1152w, https:\/\/fdf-tst.dk\/wp-content\/uploads\/2024\/08\/20230530_185642-1536x2048.jpg 1536w, https:\/\/fdf-tst.dk\/wp-content\/uploads\/2024\/08\/20230530_185642-scaled.jpg 1920w\" sizes=\"auto, (max-width: 768px) 100vw, 768px\" \/><\/figure>\n\n\n\n<div class=\"wp-block-buttons is-layout-flex wp-block-buttons-is-layout-flex\"><\/div>\n<\/div>\n\n\n\n<div class=\"wp-block-column is-layout-flow wp-block-column-is-layout-flow\" style=\"flex-basis:66.66%\">\n<p><em>G\u00e5r dit barn i 5. eller 6. klasse, bliver han eller hun v\u00e6bner i FDF.<\/em><br>G\u00e5r dit barn i 7. eller 8. klasse, bliver han eller hun seniorv\u00e6bner i FDF. <br>G\u00e5r dit barn i 9. klasse og er under 19 \u00e5r, bliver han eller hun senior i FDF<\/p>\n\n\n\n<p><em>Hele gruppen er sl\u00e5et sammen i FDF Tommerup St. holder m\u00f8de hver tirsdag klokken 18.30-20.00<\/em><\/p>\n\n\n\n<p>P\u00e5 holdet vil dit barn kunne opleve at sejle i kano, klatre i tr\u00e6er og bygge s\u00e6bekassebiler. Vi bygger forhindringsbaner, tager p\u00e5 overlevelsesture og g\u00e5r p\u00e5 opdagelse i naturen. Derudover har vi ogs\u00e5 tradition for at tage med p\u00e5 V\u00e6bnermesterskabet i K\u00f8benhavn, hvert \u00e5r i Kristi Himmelfarts dagene. <\/p>\n\n\n\n<div class=\"wp-block-buttons is-layout-flex wp-block-buttons-is-layout-flex\">\n<div class=\"wp-block-button\"><a class=\"wp-block-button__link wp-element-button\" href=\"https:\/\/mesterskabet.dk\/\">L\u00e6s mere om v\u00e6bnermesterskabet<\/a><\/div>\n<\/div>\n<\/div>\n<\/div>\n\n\n\n<h2 class=\"wp-block-heading\">Lederne for holdet<\/h2>\n\n\n\n<div class=\"wp-block-columns is-layout-flex wp-container-core-columns-is-layout-28f84493 wp-block-columns-is-layout-flex\">\n<div class=\"wp-block-column is-layout-flow wp-block-column-is-layout-flow\">\n<h6 class=\"wp-block-heading\">Jesper Storm Skov<\/h6>\n\n\n\n<p>\u00c5rgang 1972<br>V\u00e6ret FDF&#8217;er i 45 \u00e5r<br>Synes det sjoveste er at h\u00f8re b\u00f8rn grine<br><\/p>\n<\/div>\n\n\n\n<div class=\"wp-block-column is-layout-flow wp-block-column-is-layout-flow\">\n<h6 class=\"wp-block-heading\">Emma Mikkelsen<\/h6>\n\n\n\n<p>\u00c5rgang 1999<br>v\u00e6ret FDF&#8217;er i 20 \u00e5r<br>Synes det sjoveste er at bygge<br><\/p>\n<\/div>\n<\/div>\n\n\n\n<pre class=\"wp-block-code\"><code>\n<iframe loading=\"lazy\" src=\"https:\/\/calendar.google.com\/calendar\/embed?src=c_57258a2a91e7237e40b174e4fb628e5ffe3f6b6257195f05d532adbd71a8dcdf%40group.calendar.google.com&#038;ctz=Europe%2FCopenhagen\" style=\"border: 0\" width=\"600\" height=\"400\" frameborder=\"0\" scrolling=\"no\"><\/iframe>\n\n<\/code><\/pre>\n\n\n\n<div class=\"wp-block-columns is-layout-flex wp-container-core-columns-is-layout-28f84493 wp-block-columns-is-layout-flex\">\n<div class=\"wp-block-column is-layout-flow wp-block-column-is-layout-flow\" style=\"flex-basis:66.66%\">\n<h6 class=\"wp-block-heading\">Ledere med noget p\u00e5 hjertet<\/h6>\n\n\n\n<p>I FDF st\u00e5r frivillige ledere klar til at byde dit barn velkommen til sjove og fantasifulde aktiviteter hver uge. Alle ledere i FDF er over 18 \u00e5r, de&nbsp;tager ansvar til de ugentlige m\u00f8der og har blik for det enkelte barns trivsel i f\u00e6llesskabet.<\/p>\n<\/div>\n\n\n\n<div class=\"wp-block-column is-layout-flow wp-block-column-is-layout-flow\" style=\"flex-basis:33.33%\">\n<figure class=\"wp-block-image size-full\"><img loading=\"lazy\" decoding=\"async\" width=\"500\" height=\"667\" src=\"https:\/\/fdf-tst.dk\/wp-content\/uploads\/2024\/08\/20220830_174453.jpg\" alt=\"\" class=\"wp-image-151\" srcset=\"https:\/\/fdf-tst.dk\/wp-content\/uploads\/2024\/08\/20220830_174453.jpg 500w, https:\/\/fdf-tst.dk\/wp-content\/uploads\/2024\/08\/20220830_174453-225x300.jpg 225w\" sizes=\"auto, (max-width: 500px) 100vw, 500px\" \/><\/figure>\n<\/div>\n<\/div>\n","protected":false},"excerpt":{"rendered":"<p>G\u00e5r dit barn i 5. eller 6. klasse, bliver han eller hun v\u00e6bner i FDF.G\u00e5r dit barn i 7. eller 8. klasse, bliver han eller hun seniorv\u00e6bner i FDF. G\u00e5r dit barn i 9. klasse og er under 19 \u00e5r, bliver han eller hun senior i FDF Hele gruppen er sl\u00e5et sammen i FDF Tommerup [&hellip;]<\/p>\n","protected":false},"author":1,"featured_media":0,"parent":0,"menu_order":0,"comment_status":"closed","ping_status":"closed","template":"","meta":{"footnotes":""},"class_list":["post-280","page","type-page","status-publish","hentry"],"_links":{"self":[{"href":"https:\/\/fdf-tst.dk\/index.php\/wp-json\/wp\/v2\/pages\/280","targetHints":{"allow":["GET"]}}],"collection":[{"href":"https:\/\/fdf-tst.dk\/index.php\/wp-json\/wp\/v2\/pages"}],"about":[{"href":"https:\/\/fdf-tst.dk\/index.php\/wp-json\/wp\/v2\/types\/page"}],"author":[{"embeddable":true,"href":"https:\/\/fdf-tst.dk\/index.php\/wp-json\/wp\/v2\/users\/1"}],"replies":[{"embeddable":true,"href":"https:\/\/fdf-tst.dk\/index.php\/wp-json\/wp\/v2\/comments?post=280"}],"version-history":[{"count":6,"href":"https:\/\/fdf-tst.dk\/index.php\/wp-json\/wp\/v2\/pages\/280\/revisions"}],"predecessor-version":[{"id":670,"href":"https:\/\/fdf-tst.dk\/index.php\/wp-json\/wp\/v2\/pages\/280\/revisions\/670"}],"wp:attachment":[{"href":"https:\/\/fdf-tst.dk\/index.php\/wp-json\/wp\/v2\/media?parent=280"}],"curies":[{"name":"wp","href":"https:\/\/api.w.org\/{rel}","templated":true}]}}