{"id":286,"date":"2024-08-07T08:03:48","date_gmt":"2024-08-07T08:03:48","guid":{"rendered":"https:\/\/fdf-skoven.dk\/?page_id=286"},"modified":"2024-08-07T18:41:32","modified_gmt":"2024-08-07T18:41:32","slug":"bliv-medlem","status":"publish","type":"page","link":"https:\/\/fdf-tst.dk\/index.php\/bliv-medlem\/","title":{"rendered":"Bliv Medlem"},"content":{"rendered":"\n<div class=\"wp-block-columns is-layout-flex wp-container-core-columns-is-layout-28f84493 wp-block-columns-is-layout-flex\">\n<div class=\"wp-block-column is-layout-flow wp-block-column-is-layout-flow\">\n<div class=\"wp-block-cover\"><span aria-hidden=\"true\" class=\"wp-block-cover__background has-background-dim\"><\/span><img loading=\"lazy\" decoding=\"async\" width=\"500\" height=\"375\" class=\"wp-block-cover__image-background wp-image-154\" alt=\"\" src=\"https:\/\/fdf-tst.dk\/wp-content\/uploads\/2024\/08\/20230411_184439.jpg\" data-object-fit=\"cover\" srcset=\"https:\/\/fdf-tst.dk\/wp-content\/uploads\/2024\/08\/20230411_184439.jpg 500w, https:\/\/fdf-tst.dk\/wp-content\/uploads\/2024\/08\/20230411_184439-300x225.jpg 300w\" sizes=\"auto, (max-width: 500px) 100vw, 500px\" \/><div class=\"wp-block-cover__inner-container is-layout-flow wp-block-cover-is-layout-flow\">\n<p class=\"has-text-align-center has-large-font-size\">Kom og v\u00e6r med<\/p>\n<\/div><\/div>\n<\/div>\n\n\n\n<div class=\"wp-block-column is-layout-flow wp-block-column-is-layout-flow\">\n<p>Medlemskab af FDF koster 900 kr. \u00e5rligt, der betales i to rater i september og marts.<\/p>\n\n\n\n<p>Det er supernemt at melde sig ind i FDF! N\u00e5r du har klikket p\u00e5 knappen herunder, skal du bare udfylde de oplysninger, der bliver bedt om. S\u00e5 kommer det direkte ind i FDFs medlemssystem &#8216;Medlemsservice&#8217; og vi i kredsen s\u00f8rger for at hj\u00e6lpe med resten.<\/p>\n\n\n\n<div class=\"wp-block-buttons is-layout-flex wp-block-buttons-is-layout-flex\">\n<div class=\"wp-block-button\"><a class=\"wp-block-button__link wp-element-button\" href=\"https:\/\/medlem.fdf.dk\/member\/signup\/160501\">Bliv medlem i FDF Tommerup St.<\/a><\/div>\n<\/div>\n<\/div>\n<\/div>\n\n\n\n<p>I FDF har vi vores forbundsskjorte p\u00e5, n\u00e5r vi m\u00f8des. <br>N\u00e5r du er blevet medlem, kan du k\u00f8be en i Eventyrsport. <br>Du kan ogs\u00e5 sp\u00f8rge, om vi har en brugt en i kredshuset, som du kan k\u00f8be. <\/p>\n\n\n\n<div class=\"wp-block-buttons is-layout-flex wp-block-buttons-is-layout-flex\">\n<div class=\"wp-block-button\"><a class=\"wp-block-button__link wp-element-button\" href=\"https:\/\/www.eventyrsport.dk\/spejder-fdf\/fdf\/beklaedning.html\">K\u00f8b din forbundsskjorte her<\/a><\/div>\n<\/div>\n\n\n\n<p><\/p>\n","protected":false},"excerpt":{"rendered":"<p>Medlemskab af FDF koster 900 kr. \u00e5rligt, der betales i to rater i september og marts. Det er supernemt at melde sig ind i FDF! N\u00e5r du har klikket p\u00e5 knappen herunder, skal du bare udfylde de oplysninger, der bliver bedt om. S\u00e5 kommer det direkte ind i FDFs medlemssystem &#8216;Medlemsservice&#8217; og vi i kredsen [&hellip;]<\/p>\n","protected":false},"author":1,"featured_media":0,"parent":0,"menu_order":0,"comment_status":"closed","ping_status":"closed","template":"","meta":{"footnotes":""},"class_list":["post-286","page","type-page","status-publish","hentry"],"_links":{"self":[{"href":"https:\/\/fdf-tst.dk\/index.php\/wp-json\/wp\/v2\/pages\/286","targetHints":{"allow":["GET"]}}],"collection":[{"href":"https:\/\/fdf-tst.dk\/index.php\/wp-json\/wp\/v2\/pages"}],"about":[{"href":"https:\/\/fdf-tst.dk\/index.php\/wp-json\/wp\/v2\/types\/page"}],"author":[{"embeddable":true,"href":"https:\/\/fdf-tst.dk\/index.php\/wp-json\/wp\/v2\/users\/1"}],"replies":[{"embeddable":true,"href":"https:\/\/fdf-tst.dk\/index.php\/wp-json\/wp\/v2\/comments?post=286"}],"version-history":[{"count":1,"href":"https:\/\/fdf-tst.dk\/index.php\/wp-json\/wp\/v2\/pages\/286\/revisions"}],"predecessor-version":[{"id":415,"href":"https:\/\/fdf-tst.dk\/index.php\/wp-json\/wp\/v2\/pages\/286\/revisions\/415"}],"wp:attachment":[{"href":"https:\/\/fdf-tst.dk\/index.php\/wp-json\/wp\/v2\/media?parent=286"}],"curies":[{"name":"wp","href":"https:\/\/api.w.org\/{rel}","templated":true}]}}