{"id":289,"date":"2024-08-07T19:16:33","date_gmt":"2024-08-07T19:16:33","guid":{"rendered":"https:\/\/fdf-skoven.dk\/?page_id=289"},"modified":"2025-09-08T20:42:04","modified_gmt":"2025-09-08T19:42:04","slug":"shelters","status":"publish","type":"page","link":"https:\/\/fdf-tst.dk\/index.php\/shelters\/","title":{"rendered":"Shelters"},"content":{"rendered":"\n<p class=\"has-text-align-center\">Lige i skovkanten har vi f\u00e5et etableret en shelterplads. <br>Den best\u00e5r af to sm\u00e5 shelters med plads til 4-6 personer hver og et stort shelter med plads til 6-9 personer.<\/p>\n\n\n\n<p class=\"has-text-align-center\">I forbindelse med shelterpladsen er der ogs\u00e5 borde, b\u00e6nke og lidt k\u00f8kkenfaciliteter og et multtoilet. <\/p>\n\n\n\n<div class=\"wp-block-columns is-layout-flex wp-container-core-columns-is-layout-28f84493 wp-block-columns-is-layout-flex\">\n<div class=\"wp-block-column is-layout-flow wp-block-column-is-layout-flow\" style=\"flex-basis:100%\">\n<hr class=\"wp-block-separator aligncenter has-alpha-channel-opacity\"\/>\n<\/div>\n<\/div>\n\n\n\n<p class=\"has-text-align-center\">Omr\u00e5det er til fri afbenyttelse, n\u00e5r vi ikke selv bruger det<\/p>\n\n\n\n<div class=\"wp-block-columns is-layout-flex wp-container-core-columns-is-layout-28f84493 wp-block-columns-is-layout-flex\">\n<div class=\"wp-block-column is-layout-flow wp-block-column-is-layout-flow\">\n<iframe loading=\"lazy\" src=\"https:\/\/calendar.google.com\/calendar\/embed?src=c_6d05ccc386eb9b861b0e3d69303feebf92102879814b297c3256e7cf6b8a07a0%40group.calendar.google.com&#038;ctz=Europe%2FCopenhagen\" style=\"border: 0\" width=\"800\" height=\"600\" frameborder=\"0\" scrolling=\"no\"><\/iframe>\n<\/div>\n<\/div>\n\n\n\n<div class=\"wp-block-columns is-layout-flex wp-container-core-columns-is-layout-28f84493 wp-block-columns-is-layout-flex\">\n<div class=\"wp-block-column is-layout-flow wp-block-column-is-layout-flow\">\n<div class=\"wp-block-contact-form-7-contact-form-selector\">\n<div class=\"wpcf7 no-js\" id=\"wpcf7-f470-o1\" lang=\"da-DK\" dir=\"ltr\" data-wpcf7-id=\"470\">\n<div class=\"screen-reader-response\"><p role=\"status\" aria-live=\"polite\" aria-atomic=\"true\"><\/p> <ul><\/ul><\/div>\n<form action=\"\/index.php\/wp-json\/wp\/v2\/pages\/289#wpcf7-f470-o1\" method=\"post\" class=\"wpcf7-form init\" aria-label=\"Kontaktformular\" novalidate=\"novalidate\" data-status=\"init\">\n<fieldset class=\"hidden-fields-container\"><input type=\"hidden\" name=\"_wpcf7\" value=\"470\" \/><input type=\"hidden\" name=\"_wpcf7_version\" value=\"6.1.5\" \/><input type=\"hidden\" name=\"_wpcf7_locale\" value=\"da_DK\" \/><input type=\"hidden\" name=\"_wpcf7_unit_tag\" value=\"wpcf7-f470-o1\" \/><input type=\"hidden\" name=\"_wpcf7_container_post\" value=\"0\" \/><input type=\"hidden\" name=\"_wpcf7_posted_data_hash\" value=\"\" \/>\n<\/fieldset>\n<p><label> Dit navn<br \/>\n<span class=\"wpcf7-form-control-wrap\" data-name=\"your-name\"><input size=\"40\" maxlength=\"400\" class=\"wpcf7-form-control wpcf7-text wpcf7-validates-as-required\" autocomplete=\"name\" aria-required=\"true\" aria-invalid=\"false\" value=\"\" type=\"text\" name=\"your-name\" \/><\/span> <\/label>\n<\/p>\n<p><label> Din e-mail<br \/>\n<span class=\"wpcf7-form-control-wrap\" data-name=\"your-email\"><input size=\"40\" maxlength=\"400\" class=\"wpcf7-form-control wpcf7-email wpcf7-validates-as-required wpcf7-text wpcf7-validates-as-email\" autocomplete=\"email\" aria-required=\"true\" aria-invalid=\"false\" value=\"\" type=\"email\" name=\"your-email\" \/><\/span> <\/label>\n<\/p>\n<p><label> Emne<br \/>\n<span class=\"wpcf7-form-control-wrap\" data-name=\"your-subject\"><input size=\"40\" maxlength=\"400\" class=\"wpcf7-form-control wpcf7-text wpcf7-validates-as-required\" aria-required=\"true\" aria-invalid=\"false\" value=\"\" type=\"text\" name=\"your-subject\" \/><\/span> <\/label>\n<\/p>\n<p><label> Din besked (valgfri)<br \/>\n<span class=\"wpcf7-form-control-wrap\" data-name=\"your-message\"><textarea cols=\"40\" rows=\"10\" maxlength=\"2000\" class=\"wpcf7-form-control wpcf7-textarea\" aria-invalid=\"false\" name=\"your-message\"><\/textarea><\/span> <\/label>\n<\/p>\n<p><input class=\"wpcf7-form-control wpcf7-submit has-spinner\" type=\"submit\" value=\"Send\" \/>\n<\/p><div class=\"wpcf7-response-output\" aria-hidden=\"true\"><\/div>\n<\/form>\n<\/div>\n<\/div>\n<\/div>\n\n\n\n<div class=\"wp-block-column is-layout-flow wp-block-column-is-layout-flow\"><div  id=\"jtg-640\" class=\"modula modula-gallery modula-columns\" data-config=\"{&quot;tabletHeight&quot;:800,&quot;mobileHeight&quot;:800,&quot;desktopHeight&quot;:800,&quot;enableTwitter&quot;:false,&quot;enableWhatsapp&quot;:false,&quot;enableFacebook&quot;:false,&quot;enablePinterest&quot;:false,&quot;enableLinkedin&quot;:false,&quot;enableEmail&quot;:false,&quot;randomFactor&quot;:0.5,&quot;type&quot;:&quot;grid&quot;,&quot;columns&quot;:12,&quot;gutter&quot;:10,&quot;mobileGutter&quot;:10,&quot;tabletGutter&quot;:10,&quot;desktopGutter&quot;:10,&quot;enableResponsive&quot;:&quot;0&quot;,&quot;tabletColumns&quot;:2,&quot;mobileColumns&quot;:1,&quot;lazyLoad&quot;:0,&quot;lightboxOpts&quot;:{&quot;animated&quot;:true,&quot;Thumbs&quot;:{&quot;type&quot;:&quot;modern&quot;,&quot;showOnStart&quot;:false},&quot;Toolbar&quot;:{&quot;display&quot;:{&quot;right&quot;:[&quot;close&quot;]},&quot;enabled&quot;:true},&quot;Carousel&quot;:{&quot;Panzoom&quot;:{&quot;touch&quot;:true},&quot;infinite&quot;:false},&quot;keyboard&quot;:{&quot;Escape&quot;:&quot;close&quot;,&quot;Delete&quot;:&quot;close&quot;,&quot;Backspace&quot;:&quot;close&quot;,&quot;PageUp&quot;:false,&quot;PageDown&quot;:false,&quot;ArrowUp&quot;:false,&quot;ArrowDown&quot;:false,&quot;ArrowRight&quot;:false,&quot;ArrowLeft&quot;:false},&quot;touch&quot;:false,&quot;backdropClick&quot;:false,&quot;l10n&quot;:{&quot;CLOSE&quot;:&quot;Close&quot;,&quot;NEXT&quot;:&quot;Next&quot;,&quot;PREV&quot;:&quot;Previous&quot;,&quot;Error&quot;:&quot;The requested content cannot be loaded. Please try again later.&quot;,&quot;PLAY_START&quot;:&quot;Start slideshow&quot;,&quot;PLAY_STOP&quot;:&quot;Pause slideshow&quot;,&quot;FULL_SCREEN&quot;:&quot;Full screen&quot;,&quot;THUMBS&quot;:&quot;Thumbnails&quot;,&quot;DOWNLOAD&quot;:&quot;Download&quot;,&quot;SHARE&quot;:&quot;Share&quot;,&quot;ZOOM&quot;:&quot;Zoom&quot;,&quot;EMAIL&quot;:&quot;Here is the link to the image : %%image_link%% and this is the link to the gallery : %%gallery_link%%&quot;,&quot;MODAL&quot;:&quot;You can close this modal content with the ESC key&quot;,&quot;ERROR&quot;:&quot;Something Went Wrong, Please Try Again Later&quot;,&quot;IMAGE_ERROR&quot;:&quot;Image Not Found&quot;,&quot;ELEMENT_NOT_FOUND&quot;:&quot;HTML Element Not Found&quot;,&quot;AJAX_NOT_FOUND&quot;:&quot;Error Loading AJAX : Not Found&quot;,&quot;AJAX_FORBIDDEN&quot;:&quot;Error Loading AJAX : Forbidden&quot;,&quot;IFRAME_ERROR&quot;:&quot;Error Loading Page&quot;,&quot;TOGGLE_ZOOM&quot;:&quot;Toggle zoom level&quot;,&quot;TOGGLE_THUMBS&quot;:&quot;Toggle thumbnails&quot;,&quot;TOGGLE_SLIDESHOW&quot;:&quot;Toggle slideshow&quot;,&quot;TOGGLE_FULLSCREEN&quot;:&quot;Toggle full-screen mode&quot;},&quot;Images&quot;:{&quot;Panzoom&quot;:{&quot;maxScale&quot;:2}},&quot;mainClass&quot;:&quot;modula-fancybox-container modula-lightbox-jtg-640&quot;,&quot;Html&quot;:{&quot;videoAutoplay&quot;:0,&quot;videoTpl&quot;:&quot;&lt;video class=\\&quot;fancybox__html5video\\&quot; controls muted playsinline controlsList controlsList=\\&quot;nodownload\\&quot; poster=\\&quot;{{poster}}\\&quot; src=\\&quot;{{src}}\\&quot; type=\\&quot;{{format}}\\&quot; &gt;  Sorry, your browser doesn&#039;t support embedded videos, &lt;a href=\\&quot;{{src}}\\&quot;&gt; download &lt;\\\/a&gt; and watch with your favorite video player! &lt;\\\/video&gt;&quot;}},&quot;inView&quot;:false,&quot;email_subject&quot;:&quot;Check out this awesome image !!&quot;,&quot;email_message&quot;:&quot;Here is the link to the image : %%image_link%% and this is the link to the gallery : %%gallery_link%%&quot;,&quot;grid_type&quot;:&quot;automatic&quot;,&quot;rowHeight&quot;:250,&quot;lastRow&quot;:&quot;justify&quot;,&quot;lightbox&quot;:&quot;fancybox&quot;}\">\n\n\t\n\t<div  class=\"modula-items grid-gallery\">\n\t\t<div class=\"modula-item effect-pufrobo\" >\n\t<div class=\"modula-item-overlay\"><\/div>\n\n\t<div class=\"modula-item-content\">\n\n\t\t\t\t\n\t\t\t\t\t<a data-image-id=\"642\" role=\"button\" tabindex=\"0\" rel=\"jtg-640\" data-caption=\"\" aria-label=\"Open image in lightbox\" class=\"tile-inner modula-item-link\"><\/a>\n\t\t\n\t\t<img loading=\"lazy\" decoding=\"async\" class=\"pic wp-image-642\"  data-valign=\"middle\" data-halign=\"center\" alt=\"\" data-full=\"https:\/\/fdf-tst.dk\/wp-content\/uploads\/2025\/09\/20250506_173408.jpg\" title=\"\" width=\"300\" height=\"225\" src=\"https:\/\/fdf-tst.dk\/wp-content\/uploads\/2025\/09\/20250506_173408-300x225.jpg\" data-src=\"https:\/\/fdf-tst.dk\/wp-content\/uploads\/2025\/09\/20250506_173408-300x225.jpg\" data-caption=\"\" srcset=\"https:\/\/fdf-tst.dk\/wp-content\/uploads\/2025\/09\/20250506_173408-scaled.jpg 2560w, https:\/\/fdf-tst.dk\/wp-content\/uploads\/2025\/09\/20250506_173408-scaled-300x225.jpg 300w, https:\/\/fdf-tst.dk\/wp-content\/uploads\/2025\/09\/20250506_173408-1024x768.jpg 1024w, https:\/\/fdf-tst.dk\/wp-content\/uploads\/2025\/09\/20250506_173408-768x576.jpg 768w, https:\/\/fdf-tst.dk\/wp-content\/uploads\/2025\/09\/20250506_173408-1536x1152.jpg 1536w, https:\/\/fdf-tst.dk\/wp-content\/uploads\/2025\/09\/20250506_173408-2048x1536.jpg 2048w\" sizes=\"auto, (max-width: 300px) 100vw, 300px\" \/>\n\t\t<div class=\"figc no-title no-description\">\n\t\t\t<div class=\"figc-inner\">\n\t\t\t\t\t\t\t\t\t\t\t\t\t\t\t<\/div>\n\t\t<\/div>\n\n\t<\/div>\n\n<\/div><div class=\"modula-item effect-pufrobo\" >\n\t<div class=\"modula-item-overlay\"><\/div>\n\n\t<div class=\"modula-item-content\">\n\n\t\t\t\t\n\t\t\t\t\t<a data-image-id=\"641\" role=\"button\" tabindex=\"0\" rel=\"jtg-640\" data-caption=\"\" aria-label=\"Open image in lightbox\" class=\"tile-inner modula-item-link\"><\/a>\n\t\t\n\t\t<img loading=\"lazy\" decoding=\"async\" class=\"pic wp-image-641\"  data-valign=\"middle\" data-halign=\"center\" alt=\"\" data-full=\"https:\/\/fdf-tst.dk\/wp-content\/uploads\/2025\/09\/20250506_173357.jpg\" title=\"\" width=\"300\" height=\"225\" src=\"https:\/\/fdf-tst.dk\/wp-content\/uploads\/2025\/09\/20250506_173357-300x225.jpg\" data-src=\"https:\/\/fdf-tst.dk\/wp-content\/uploads\/2025\/09\/20250506_173357-300x225.jpg\" data-caption=\"\" srcset=\"https:\/\/fdf-tst.dk\/wp-content\/uploads\/2025\/09\/20250506_173357-scaled.jpg 2560w, https:\/\/fdf-tst.dk\/wp-content\/uploads\/2025\/09\/20250506_173357-scaled-300x225.jpg 300w, https:\/\/fdf-tst.dk\/wp-content\/uploads\/2025\/09\/20250506_173357-1024x768.jpg 1024w, https:\/\/fdf-tst.dk\/wp-content\/uploads\/2025\/09\/20250506_173357-768x576.jpg 768w, https:\/\/fdf-tst.dk\/wp-content\/uploads\/2025\/09\/20250506_173357-1536x1152.jpg 1536w, https:\/\/fdf-tst.dk\/wp-content\/uploads\/2025\/09\/20250506_173357-2048x1536.jpg 2048w\" sizes=\"auto, (max-width: 300px) 100vw, 300px\" \/>\n\t\t<div class=\"figc no-title no-description\">\n\t\t\t<div class=\"figc-inner\">\n\t\t\t\t\t\t\t\t\t\t\t\t\t\t\t<\/div>\n\t\t<\/div>\n\n\t<\/div>\n\n<\/div><div class=\"modula-item effect-pufrobo\" >\n\t<div class=\"modula-item-overlay\"><\/div>\n\n\t<div class=\"modula-item-content\">\n\n\t\t\t\t\n\t\t\t\t\t<a data-image-id=\"644\" role=\"button\" tabindex=\"0\" rel=\"jtg-640\" data-caption=\"\" aria-label=\"Open image in lightbox\" class=\"tile-inner modula-item-link\"><\/a>\n\t\t\n\t\t<img loading=\"lazy\" decoding=\"async\" class=\"pic wp-image-644\"  data-valign=\"middle\" data-halign=\"center\" alt=\"\" data-full=\"https:\/\/fdf-tst.dk\/wp-content\/uploads\/2025\/09\/20250506_173447.jpg\" title=\"\" width=\"300\" height=\"225\" src=\"https:\/\/fdf-tst.dk\/wp-content\/uploads\/2025\/09\/20250506_173447-300x225.jpg\" data-src=\"https:\/\/fdf-tst.dk\/wp-content\/uploads\/2025\/09\/20250506_173447-300x225.jpg\" data-caption=\"\" srcset=\"https:\/\/fdf-tst.dk\/wp-content\/uploads\/2025\/09\/20250506_173447-scaled.jpg 2560w, https:\/\/fdf-tst.dk\/wp-content\/uploads\/2025\/09\/20250506_173447-scaled-300x225.jpg 300w, https:\/\/fdf-tst.dk\/wp-content\/uploads\/2025\/09\/20250506_173447-1024x768.jpg 1024w, https:\/\/fdf-tst.dk\/wp-content\/uploads\/2025\/09\/20250506_173447-768x576.jpg 768w, https:\/\/fdf-tst.dk\/wp-content\/uploads\/2025\/09\/20250506_173447-1536x1152.jpg 1536w, https:\/\/fdf-tst.dk\/wp-content\/uploads\/2025\/09\/20250506_173447-2048x1536.jpg 2048w\" sizes=\"auto, (max-width: 300px) 100vw, 300px\" \/>\n\t\t<div class=\"figc no-title no-description\">\n\t\t\t<div class=\"figc-inner\">\n\t\t\t\t\t\t\t\t\t\t\t\t\t\t\t<\/div>\n\t\t<\/div>\n\n\t<\/div>\n\n<\/div><div class=\"modula-item effect-pufrobo\" >\n\t<div class=\"modula-item-overlay\"><\/div>\n\n\t<div class=\"modula-item-content\">\n\n\t\t\t\t\n\t\t\t\t\t<a data-image-id=\"643\" role=\"button\" tabindex=\"0\" rel=\"jtg-640\" data-caption=\"\" aria-label=\"Open image in lightbox\" class=\"tile-inner modula-item-link\"><\/a>\n\t\t\n\t\t<img loading=\"lazy\" decoding=\"async\" class=\"pic wp-image-643\"  data-valign=\"middle\" data-halign=\"center\" alt=\"\" data-full=\"https:\/\/fdf-tst.dk\/wp-content\/uploads\/2025\/09\/20250506_173416.jpg\" title=\"\" width=\"300\" height=\"225\" src=\"https:\/\/fdf-tst.dk\/wp-content\/uploads\/2025\/09\/20250506_173416-300x225.jpg\" data-src=\"https:\/\/fdf-tst.dk\/wp-content\/uploads\/2025\/09\/20250506_173416-300x225.jpg\" data-caption=\"\" srcset=\"https:\/\/fdf-tst.dk\/wp-content\/uploads\/2025\/09\/20250506_173416-scaled.jpg 2560w, https:\/\/fdf-tst.dk\/wp-content\/uploads\/2025\/09\/20250506_173416-scaled-300x225.jpg 300w, https:\/\/fdf-tst.dk\/wp-content\/uploads\/2025\/09\/20250506_173416-1024x768.jpg 1024w, https:\/\/fdf-tst.dk\/wp-content\/uploads\/2025\/09\/20250506_173416-768x576.jpg 768w, https:\/\/fdf-tst.dk\/wp-content\/uploads\/2025\/09\/20250506_173416-1536x1152.jpg 1536w, https:\/\/fdf-tst.dk\/wp-content\/uploads\/2025\/09\/20250506_173416-2048x1536.jpg 2048w\" sizes=\"auto, (max-width: 300px) 100vw, 300px\" \/>\n\t\t<div class=\"figc no-title no-description\">\n\t\t\t<div class=\"figc-inner\">\n\t\t\t\t\t\t\t\t\t\t\t\t\t\t\t<\/div>\n\t\t<\/div>\n\n\t<\/div>\n\n<\/div>\t\t\n\t<\/div>\n\n\t\n\t\n\t<script type=\"application\/ld+json\">\n\t{\n\t\t\"@context\": \"http:\/\/schema.org\",\n\t\t\"@type\"   : \"ImageGallery\",\n\t\t\"id\"      : \"https:\/\/fdf-tst.dk\/index.php\/shelters\/\",\n\t\t\"url\"     : \"https:\/\/fdf-tst.dk\/index.php\/shelters\/\"\n\t}\n\n\t<\/script>\n\n\t\n<\/div>\n<\/div>\n<\/div>\n","protected":false},"excerpt":{"rendered":"<p>Lige i skovkanten har vi f\u00e5et etableret en shelterplads. Den best\u00e5r af to sm\u00e5 shelters med plads til 4-6 personer hver og et stort shelter med plads til 6-9 personer. I forbindelse med shelterpladsen er der ogs\u00e5 borde, b\u00e6nke og lidt k\u00f8kkenfaciliteter og et multtoilet. Omr\u00e5det er til fri afbenyttelse, n\u00e5r vi ikke selv bruger [&hellip;]<\/p>\n","protected":false},"author":1,"featured_media":0,"parent":0,"menu_order":0,"comment_status":"closed","ping_status":"closed","template":"","meta":{"footnotes":""},"class_list":["post-289","page","type-page","status-publish","hentry"],"_links":{"self":[{"href":"https:\/\/fdf-tst.dk\/index.php\/wp-json\/wp\/v2\/pages\/289","targetHints":{"allow":["GET"]}}],"collection":[{"href":"https:\/\/fdf-tst.dk\/index.php\/wp-json\/wp\/v2\/pages"}],"about":[{"href":"https:\/\/fdf-tst.dk\/index.php\/wp-json\/wp\/v2\/types\/page"}],"author":[{"embeddable":true,"href":"https:\/\/fdf-tst.dk\/index.php\/wp-json\/wp\/v2\/users\/1"}],"replies":[{"embeddable":true,"href":"https:\/\/fdf-tst.dk\/index.php\/wp-json\/wp\/v2\/comments?post=289"}],"version-history":[{"count":12,"href":"https:\/\/fdf-tst.dk\/index.php\/wp-json\/wp\/v2\/pages\/289\/revisions"}],"predecessor-version":[{"id":656,"href":"https:\/\/fdf-tst.dk\/index.php\/wp-json\/wp\/v2\/pages\/289\/revisions\/656"}],"wp:attachment":[{"href":"https:\/\/fdf-tst.dk\/index.php\/wp-json\/wp\/v2\/media?parent=289"}],"curies":[{"name":"wp","href":"https:\/\/api.w.org\/{rel}","templated":true}]}}