{"id":347,"date":"2024-03-13T17:00:01","date_gmt":"2024-03-13T17:00:01","guid":{"rendered":"https:\/\/fdf-skoven.dk\/?page_id=2"},"modified":"2025-08-20T15:24:11","modified_gmt":"2025-08-20T15:24:11","slug":"sample-page-2","status":"publish","type":"page","link":"https:\/\/fdf-tst.dk\/index.php\/sample-page-2\/","title":{"rendered":"Om FDF Tommerup St."},"content":{"rendered":"\n<p>FDF Tommerup St er en selvst\u00e6ndig forening under FDF, Frivilligt Drenge- og Pige Forbund. I sommeren 2023 havde vi 40 \u00e5rs jubil\u00e6um som selvst\u00e6ndig kreds. Gennem vores aktiviteter, er frivillige voksne med til at give b\u00f8rn og unge \u201cet st\u00e5sted at m\u00f8de verden fra\u201d og i FDF Tommerup St. har vi omsat det til, at vi giver dem nogle unikke oplevelser med et f\u00e6llesskab som har plads til alle. Alle f\u00e5r f\u00e6rdigheder, som kan gavne og oplevelser, der huskes resten af livet. Vi har plads til alle p\u00e5 vores friluftsbase, som er rige p\u00e5 udfoldelsesmuligheder. Vores medlemskreds t\u00e6ller b\u00f8rn fra 5 \u00e5r til og med 18 \u00e5r. Derudover t\u00e6ller vi ogs\u00e5 en kreds af frivillige voksne, som er med til at give b\u00f8rne oplevelser for livet.<\/p>\n\n\n\n<blockquote class=\"wp-block-quote is-layout-flow wp-block-quote-is-layout-flow\">\n<p>Hos FDF Tommerup St. giver vi plads til forskelle &#8211; alle har noget de kan bidrage med. <\/p>\n<\/blockquote>\n\n\n\n<p>Vores tidligere formand, J\u00f8rgen Skov, var ogs\u00e5 ham, som var med til at stifte FDF Tommerup St. i 1983. Ved det 40 \u00e5rs jubil\u00e6um i 2023, valgte han at give stafetten videre til den yngre generation. <\/p>\n\n\n\n<blockquote class=\"wp-block-quote is-layout-flow wp-block-quote-is-layout-flow\">\n<p>FDF&#8217;er er noget man er &#8211; ikke noget man g\u00e5r til. <\/p>\n<\/blockquote>\n\n\n\n<p>I 2022 fik vi muligheden for at leje et stykke af en mark. Her er en stor friluftsbase under opbygning og form\u00e5let er at give alle i Tommerup St. og omegn og andre interesseret mulighed for at komme ud og nyde de sk\u00f8nne omgivelser.<\/p>\n","protected":false},"excerpt":{"rendered":"<p>FDF Tommerup St er en selvst\u00e6ndig forening under FDF, Frivilligt Drenge- og Pige Forbund. I sommeren 2023 havde vi 40 \u00e5rs jubil\u00e6um som selvst\u00e6ndig kreds. Gennem vores aktiviteter, er frivillige voksne med til at give b\u00f8rn og unge \u201cet st\u00e5sted at m\u00f8de verden fra\u201d og i FDF Tommerup St. har vi omsat det til, at [&hellip;]<\/p>\n","protected":false},"author":1,"featured_media":0,"parent":0,"menu_order":0,"comment_status":"closed","ping_status":"open","template":"","meta":{"footnotes":""},"class_list":["post-347","page","type-page","status-publish","hentry"],"_links":{"self":[{"href":"https:\/\/fdf-tst.dk\/index.php\/wp-json\/wp\/v2\/pages\/347","targetHints":{"allow":["GET"]}}],"collection":[{"href":"https:\/\/fdf-tst.dk\/index.php\/wp-json\/wp\/v2\/pages"}],"about":[{"href":"https:\/\/fdf-tst.dk\/index.php\/wp-json\/wp\/v2\/types\/page"}],"author":[{"embeddable":true,"href":"https:\/\/fdf-tst.dk\/index.php\/wp-json\/wp\/v2\/users\/1"}],"replies":[{"embeddable":true,"href":"https:\/\/fdf-tst.dk\/index.php\/wp-json\/wp\/v2\/comments?post=347"}],"version-history":[{"count":1,"href":"https:\/\/fdf-tst.dk\/index.php\/wp-json\/wp\/v2\/pages\/347\/revisions"}],"predecessor-version":[{"id":540,"href":"https:\/\/fdf-tst.dk\/index.php\/wp-json\/wp\/v2\/pages\/347\/revisions\/540"}],"wp:attachment":[{"href":"https:\/\/fdf-tst.dk\/index.php\/wp-json\/wp\/v2\/media?parent=347"}],"curies":[{"name":"wp","href":"https:\/\/api.w.org\/{rel}","templated":true}]}}