{"id":377,"date":"2024-08-07T08:32:59","date_gmt":"2024-08-07T08:32:59","guid":{"rendered":"https:\/\/fdf-skoven.dk\/?page_id=377"},"modified":"2025-08-20T15:38:59","modified_gmt":"2025-08-20T15:38:59","slug":"klasser","status":"publish","type":"page","link":"https:\/\/fdf-tst.dk\/index.php\/klasser\/","title":{"rendered":"Klasser"},"content":{"rendered":"\n<p>FDF er opdelt i forskellige klasser alt efter alder og klassetrin<br>Mellem 1 og 5 \u00e5r, er man numling &#8211; dette tilbydes p\u00e5 nuv\u00e6rende ikke hos FDF Tommerup St, men hvis der er interesse for det, kan der tilbydes aktiviteter. Ellers se vores FamilieFDF<\/p>\n\n\n\n<p>5 \u00e5r til 0. klasse er man pusling.<br>1. og 2. klasse er man tumling &#8211; I FDF Tommerup St. er disse hold under udvikling, og vi afventer flere detaljer om, hvordan holdet skal skrues sammen. Derfor ikke nogen m\u00f8detid endnu, men kontakt os gerne for yderligere informationer (august 2025)<\/p>\n\n\n\n<p>3. og 4. klasse er man Pilt. &#8211; i FDF Tommerup St. m\u00f8des holdet hver tirsdag fra 17.00 til 18.15<\/p>\n\n\n\n<p>5. og 6. klasse er man v\u00e6bner<br>7. og 8. klasse er man seniorv\u00e6bner<br>9. klasse og op til 18 \u00e5r er man senior. Disse tre hold er sl\u00e5et sammen og m\u00f8des hver tirsdag fra 18.30 til 20.00 <\/p>\n\n\n\n<p><\/p>\n","protected":false},"excerpt":{"rendered":"<p>FDF er opdelt i forskellige klasser alt efter alder og klassetrinMellem 1 og 5 \u00e5r, er man numling &#8211; dette tilbydes p\u00e5 nuv\u00e6rende ikke hos FDF Tommerup St, men hvis der er interesse for det, kan der tilbydes aktiviteter. Ellers se vores FamilieFDF 5 \u00e5r til 0. klasse er man pusling.1. og 2. klasse er [&hellip;]<\/p>\n","protected":false},"author":1,"featured_media":0,"parent":0,"menu_order":0,"comment_status":"closed","ping_status":"closed","template":"","meta":{"footnotes":""},"class_list":["post-377","page","type-page","status-publish","hentry"],"_links":{"self":[{"href":"https:\/\/fdf-tst.dk\/index.php\/wp-json\/wp\/v2\/pages\/377","targetHints":{"allow":["GET"]}}],"collection":[{"href":"https:\/\/fdf-tst.dk\/index.php\/wp-json\/wp\/v2\/pages"}],"about":[{"href":"https:\/\/fdf-tst.dk\/index.php\/wp-json\/wp\/v2\/types\/page"}],"author":[{"embeddable":true,"href":"https:\/\/fdf-tst.dk\/index.php\/wp-json\/wp\/v2\/users\/1"}],"replies":[{"embeddable":true,"href":"https:\/\/fdf-tst.dk\/index.php\/wp-json\/wp\/v2\/comments?post=377"}],"version-history":[{"count":2,"href":"https:\/\/fdf-tst.dk\/index.php\/wp-json\/wp\/v2\/pages\/377\/revisions"}],"predecessor-version":[{"id":545,"href":"https:\/\/fdf-tst.dk\/index.php\/wp-json\/wp\/v2\/pages\/377\/revisions\/545"}],"wp:attachment":[{"href":"https:\/\/fdf-tst.dk\/index.php\/wp-json\/wp\/v2\/media?parent=377"}],"curies":[{"name":"wp","href":"https:\/\/api.w.org\/{rel}","templated":true}]}}