{"id":546,"date":"2025-08-21T06:56:07","date_gmt":"2025-08-21T06:56:07","guid":{"rendered":"https:\/\/fdf-tst.dk\/?page_id=546"},"modified":"2025-08-21T06:58:05","modified_gmt":"2025-08-21T06:58:05","slug":"praktisk-information","status":"publish","type":"page","link":"https:\/\/fdf-tst.dk\/index.php\/praktisk-information\/","title":{"rendered":"Praktisk information"},"content":{"rendered":"\n<p>Her har vi samlet en hel masse af al den information som mange for\u00e6ldre m\u00e5ske g\u00e5r og tumler med til daglig. <\/p>\n\n\n\n<p>Er der noget du er i tvivl om, er du selvf\u00f8lgelig velkommen til at sp\u00f8rge os, enten ved hente\/bringe til m\u00f8derne, eller skriv eller ring til os. S\u00e5 tager vi snakken der i stedet for. <\/p>\n\n\n\n<p>Der bliver ogs\u00e5 j\u00e6vnligt sendt nyhedsbreve ud fra kredsen, hvor der st\u00e5r lige om, hvad der sker lige nu og hvad der er af datoer i fremtiden, man m\u00e5ske skal v\u00e6re opm\u00e6rksom p\u00e5. <\/p>\n\n\n\n<div class=\"wp-block-columns is-layout-flex wp-container-core-columns-is-layout-28f84493 wp-block-columns-is-layout-flex\">\n<div class=\"wp-block-column is-layout-flow wp-block-column-is-layout-flow\">\n<div class=\"wp-block-buttons is-layout-flex wp-block-buttons-is-layout-flex\">\n<div class=\"wp-block-button\"><a class=\"wp-block-button__link wp-element-button\" href=\"https:\/\/fdf-tst.dk\/index.php\/ny-i-kredsen\/\">Nyt medlem i kredsen<\/a><\/div>\n<\/div>\n<\/div>\n\n\n\n<div class=\"wp-block-column is-layout-flow wp-block-column-is-layout-flow\">\n<div class=\"wp-block-buttons is-layout-flex wp-block-buttons-is-layout-flex\">\n<div class=\"wp-block-button\"><a class=\"wp-block-button__link wp-element-button\" href=\"https:\/\/fdf-tst.dk\/index.php\/foraeldre-engagement\/\">For\u00e6ldre &amp; engagement<\/a><\/div>\n<\/div>\n<\/div>\n\n\n\n<div class=\"wp-block-column is-layout-flow wp-block-column-is-layout-flow\">\n<div class=\"wp-block-buttons is-layout-flex wp-block-buttons-is-layout-flex\">\n<div class=\"wp-block-button\"><a class=\"wp-block-button__link wp-element-button\" href=\"https:\/\/fdf-tst.dk\/index.php\/kontingenter-betalinger\/\">Kontingent &amp; betalinger<\/a><\/div>\n<\/div>\n<\/div>\n<\/div>\n\n\n\n<div class=\"wp-block-columns are-vertically-aligned-center is-layout-flex wp-container-core-columns-is-layout-28f84493 wp-block-columns-is-layout-flex\">\n<div class=\"wp-block-column is-vertically-aligned-center is-layout-flow wp-block-column-is-layout-flow\">\n<div class=\"wp-block-buttons is-content-justification-center is-layout-flex wp-container-core-buttons-is-layout-a89b3969 wp-block-buttons-is-layout-flex\">\n<div class=\"wp-block-button\"><a class=\"wp-block-button__link wp-element-button\" href=\"https:\/\/fdf-tst.dk\/index.php\/mit-barn-paa-lejr\/\">Mit barn p\u00e5 lejr?<\/a><\/div>\n<\/div>\n<\/div>\n\n\n\n<div class=\"wp-block-column is-vertically-aligned-center is-layout-flow wp-block-column-is-layout-flow\">\n<div class=\"wp-block-buttons is-content-justification-center is-layout-flex wp-container-core-buttons-is-layout-a89b3969 wp-block-buttons-is-layout-flex\">\n<div class=\"wp-block-button\"><a class=\"wp-block-button__link wp-element-button\" href=\"https:\/\/fdf-tst.dk\/index.php\/pakkeliste\/\">Pakkeliste<\/a><\/div>\n<\/div>\n<\/div>\n\n\n\n<div class=\"wp-block-column is-vertically-aligned-center is-layout-flow wp-block-column-is-layout-flow\">\n<div class=\"wp-block-buttons is-content-justification-center is-layout-flex wp-container-core-buttons-is-layout-a89b3969 wp-block-buttons-is-layout-flex\">\n<div class=\"wp-block-button\"><a class=\"wp-block-button__link has-text-align-center wp-element-button\" href=\"https:\/\/fdf-tst.dk\/index.php\/hjemve\/\">Hjemve?<\/a><\/div>\n<\/div>\n<\/div>\n<\/div>\n","protected":false},"excerpt":{"rendered":"<p>Her har vi samlet en hel masse af al den information som mange for\u00e6ldre m\u00e5ske g\u00e5r og tumler med til daglig. Er der noget du er i tvivl om, er du selvf\u00f8lgelig velkommen til at sp\u00f8rge os, enten ved hente\/bringe til m\u00f8derne, eller skriv eller ring til os. S\u00e5 tager vi snakken der i stedet [&hellip;]<\/p>\n","protected":false},"author":1,"featured_media":0,"parent":0,"menu_order":0,"comment_status":"closed","ping_status":"closed","template":"","meta":{"footnotes":""},"class_list":["post-546","page","type-page","status-publish","hentry"],"_links":{"self":[{"href":"https:\/\/fdf-tst.dk\/index.php\/wp-json\/wp\/v2\/pages\/546","targetHints":{"allow":["GET"]}}],"collection":[{"href":"https:\/\/fdf-tst.dk\/index.php\/wp-json\/wp\/v2\/pages"}],"about":[{"href":"https:\/\/fdf-tst.dk\/index.php\/wp-json\/wp\/v2\/types\/page"}],"author":[{"embeddable":true,"href":"https:\/\/fdf-tst.dk\/index.php\/wp-json\/wp\/v2\/users\/1"}],"replies":[{"embeddable":true,"href":"https:\/\/fdf-tst.dk\/index.php\/wp-json\/wp\/v2\/comments?post=546"}],"version-history":[{"count":4,"href":"https:\/\/fdf-tst.dk\/index.php\/wp-json\/wp\/v2\/pages\/546\/revisions"}],"predecessor-version":[{"id":562,"href":"https:\/\/fdf-tst.dk\/index.php\/wp-json\/wp\/v2\/pages\/546\/revisions\/562"}],"wp:attachment":[{"href":"https:\/\/fdf-tst.dk\/index.php\/wp-json\/wp\/v2\/media?parent=546"}],"curies":[{"name":"wp","href":"https:\/\/api.w.org\/{rel}","templated":true}]}}